5 is divided by v?
4
What is the remainder when 4 + 23 + 0 + -4 is divided by 5?
3
Let q be 33/(3/6*-2). Let y = -19 - q. Calculate the remainder when 26 is divided by y.
12
Let p(w) = w**2 + 6*w + 4. Let g be p(-5). Let i(d) be the second derivative of -9*d**5/10 - d**2/2 - 3*d. What is the remainder when i(g) is divided by 9?
8
Let f = 4 + -4. Suppose 3*r = -2*v + 62 - 568, f = -3*v - 3*r - 756. Calculate the remainder when 47 is divided by (-4)/6 + v/(-15).
15
Calculate the remainder when 29 is divided by -44*(-2)/6*9/12.
7
Suppose -3*w + 12 = 0, 3*y + 2*w + 29 = 85. What is the remainder when 31 is divided by y?
15
Suppose -d = -9 - 4. What is the remainder when (2 - 2) + (-36)/(-1) is divided by d?
10
Calculate the remainder when 43 is divided by (-3 + 74/(-6))*(-9)/6.
20
Let t = 115 - 108. What is the remainder when 67 is divided by t?
4
Suppose 3*m - 16 - 182 = 0. Let r = -44 + m. What is the remainder when 65 is divided by r?
21
Let f be (-6)/(-2) + -1*703. What is the remainder when (-6)/(-9) + f/(-12) is divided by 20?
19
Suppose -101 = -4*b + x, -3*b + 99 - 27 = 3*x. Suppose -5*f = -3*t + 55, t - 2*f = 3*f + b. Calculate the remainder when 27 is divided by t.
12
Let o be (95/4)/(3/12). Suppose 5*h + 0*h + 5*x - 95 = 0, o = 5*h + x. Calculate the remainder when h is divided by 10.
9
Suppose 8 = -r + 3*r. Suppose r*b + 29 = 117. Calculate the remainder when 86 is divided by b.
20
Suppose 0 = 3*x + 4*d - 89, -4*x - 3*d = -7*x + 54. Suppose -4*n - 3*c - x = -96, -4*c = 2*n - 24. What is the remainder when n is divided by 5?
2
Suppose -3*b = 5*j + 6, 4*j + 15 = -3*b + 4*b. Suppose -41 + 2 = -b*h. Calculate the remainder when h is divided by 5.
3
Let q = 2 - -50. Calculate the remainder when q is divided by 18.
16
Suppose -5*y + 25 = r, -4*r + 2*r + 34 = 2*y. Suppose -x - j = 3*x - 115, -2*j + 85 = 3*x. What is the remainder when x is divided by r?
14
Let i(c) be the third derivative of -c**6/120 - c**5/60 - c**4/24 + 2*c**3/3 + c**2. Calculate the remainder when i(0) is divided by (3 + 8)*(-2)/(-11).
0
Suppose -104 = -5*a + 2*s - 4*s, -4*a + 88 = 4*s. Calculate the remainder when -3 + 2 + 200/5 is divided by a.
19
Let a = 40 + -39. What is the remainder when 1 is divided by a?
0
Suppose 0 = 2*m + 5*t - 31, t + 2*t = 15. Let n(w) = -w**3 - 6*w**2 + 3*w + 9. What is the remainder when n(-7) is divided by (12 + 1)*(4 - m)?
11
Suppose 4*m - m - 48 = 0. Let c(n) = -30*n + 1. Calculate the remainder when c(-1) is divided by m.
15
Let b(w) = w**3 + 9*w**2 - 3. Let f be b(-7). Suppose -5*n + 0*n = -f. What is the remainder when 56 is divided by n?
18
Let y(p) = -p**3 + 3*p**2 + 5*p - 2. Suppose -v = 4*x - 2*v + 9, -10 = 5*x - v. Let n be 5 - (0 - x - 0). Calculate the remainder when y(n) is divided by 1.
0
Suppose -5*o = -b + 45, 15 - 152 = -5*b + 3*o. Suppose 0 = -p - 2*p - 2*u + b, 2*p - 21 = 3*u. Calculate the remainder when 26 is divided by p.
8
Let y(p) = 6*p**2 + 10*p + 41. What is the remainder when y(-4) is divided by 14?
13
Let l be (6 + 1)/((-6)/(-6)). Let f = -1 + l. Calculate the remainder when f is divided by 3.
0
Suppose 64 = 3*l + l. Let n = -10 + l. Let x(m) = m + 1. What is the remainder when n is divided by x(3)?
2
Suppose -5*q - 2 = -y, -4*q + 3 = 2*y - 1. Let p(v) = -3*v - 15. Let z be p(-6). Suppose q*x - 45 = -z*x. Calculate the remainder when 28 is divided by x.
13
Suppose -3*x = 8 + 13. Let f = x - -11. Calculate the remainder when 9 is divided by f.
1
Suppose -4*a - 78 = -7*a. Calculate the remainder when a is divided by 21/(-2)*4/(-6).
5
Let k be 12/(-10)*(0 + 5). Let r(l) = -3*l - 23. What is the remainder when (-80)/k - (-1)/(-3) is divided by r(-10)?
6
Suppose d = 2*d + 4*a - 14, -2*d - 2*a = -28. Calculate the remainder when 40 is divided by d.
12
Let g = 18 - 9. Let i(d) be the first derivative of 5*d**3/3 + 2. What is the remainder when g is divided by i(-1)?
4
Suppose -7*j - 160 = -11*j. Let l = j - 11. Calculate the remainder when 86 is divided by l.
28
Let c = -8 + 12. Suppose -5*t + 10 = -c*t. Suppose 2 = 5*j - 18. What is the remainder when t is divided by j?
2
Let b(i) = i**3 - 2*i + 2. Suppose -5*g = 25, -105 = -5*l + 2*g - 15. Calculate the remainder when l is divided by b(2).
4
Calculate the remainder when 4/(16/84) + -2 is divided by 11.
8
Suppose d - 2*d = h + 2, -h + 3*d = -18. Suppose -l - h*u - 461 = 2*u, 5*u = -5*l - 2285. What is the remainder when 47 is divided by 4/(-14) + l/(-28)?
15
Let m = 14 - -24. Let j = -20 - -40. Calculate the remainder when m is divided by j.
18
Let t = 161 + -76. Let f be (-2)/(-4) + 239/2. Let b = f - t. What is the remainder when b is divided by 18?
17
Suppose 3*n - 290 = -2*n. What is the remainder when n is divided by 15?
13
Suppose -j + 7 + 3 = 0. What is the remainder when j is divided by 6 + -4 - (1 + -3)?
2
Let c be -12*((-44)/(-6))/(-2). Suppose -3*n + 5*n - c = 0. What is the remainder when 43 is divided by n?
21
Let y(i) = i**2 - i + 58. Let q be y(0). Suppose 4*s = q + 34. What is the remainder when 68 is divided by s?
22
Let d(p) = -p + 40. Let i be d(0). Let u = i + -19. What is the remainder when u is divided by ((0 - 22) + 0)/(-2)?
10
Let a(u) = -8*u + 1. Let m(w) = w**2 + 2*w - 1. Let g be m(-2). Calculate the remainder when 26 is divided by a(g).
8
Suppose -4*q = -4*n + q + 8, 0 = 5*q - 20. What is the remainder when n is divided by 3?
1
Let g(p) = 2. Let o(j) = 2*j - 30. Let w(a) = -36*g(a) - 2*o(a). What is the remainder when 21 is divided by w(-6)?
9
Let b(r) = 7*r - 34. What is the remainder when b(7) is divided by (-12)/(-9)*(4 + -1)?
3
Suppose -41*a = -43*a + 22. What is the remainder when a is divided by 4?
3
Let i be ((-170)/(-4))/(4/8). Suppose 0 = 5*z - 50 - i. Calculate the remainder when z is divided by 15.
12
Suppose 0 = 3*y - 3 - 12. Suppose -18 - 192 = -3*g. Suppose 0*q + y*q - g = 0. What is the remainder when q is divided by 8?
6
Let y(i) = 2*i**2 + 3*i - 3. Let z(x) = x**2 + 8*x - 14. Calculate the remainder when y(-7) is divided by z(-11).
17
Suppose 228 = 2*o + o. What is the remainder when o is divided by 26?
24
Calculate the remainder when (-369)/36*(8/(-2) + 0) is divided by 14.
13
Suppose 0 = -k + 6*k - 20. Suppose d = 4*m + 16, -4*m + 4*d - 6*d = k. What is the remainder when (-2 + 53)*m/(-9) is divided by 10?
7
Let v(m) = 2*m - 4. Let f be 6/(-10) - 18/(-5). What is the remainder when 4 is divided by v(f)?
0
Suppose 12 - 242 = -10*t. Calculate the remainder when t is divided by 14.
9
Let p = -5 - -8. Let z = 62 - 41. Suppose z = p*a - 18. What is the remainder when 24 is divided by a?
11
Let a(i) = i**2 + 3*i - 2. Let z be a(-3). Let h be (1 + z)/(2/(-20)). Suppose -4*j - 20 = 0, -d - j - 2 = -h. Calculate the remainder when 38 is divided by d.
12
Let r = 5 - -1. Let b(i) = -i**2 + 7*i - 2. Let z be b(6). Let d = z - -5. What is the remainder when d is divided by r?
3
Suppose 4 - 13 = -3*d. Suppose 0 = -5*s - 2*v + 2 - 0, -2*s + d*v + 16 = 0. Suppose -i - s*i + 30 = 0. What is the remainder when 28 is divided by i?
8
Let g be 1/(-4) - (-38)/(-8). Let u = g - -12. Calculate the remainder when 150/(-9)*(-6)/5 is divided by u.
6
Let k(s) = -s**3 - 2*s**2 + 6*s + 6. Suppose t + 3*g = 25, 0 = -10*t + 5*t + 4*g + 220. Calculate the remainder when t is divided by k(-4).
12
Suppose 2*b - 3 - 3 = 3*n, 10 = -2*b - n. Let m(t) = -t**3 - 2*t**2 + 2*t. Let y be m(b). Let j = y + 3. Calculate the remainder when 16 is divided by j.
4
Let i be ((-3)/2)/((-6)/(-8)). Let s(b) = -b**3 + b**2 + 2*b + 3. Calculate the remainder when 21 is divided by s(i).
10
Let j(q) = -301*q**3 - 2*q**2 + 1. Let x be j(-1). Suppose 0 = -2*g - 3*g + x. What is the remainder when g is divided by 21?
18
Suppose -13 = -o - 0. What is the remainder when o is divided by (27/6)/(-9) - (-33)/6?
3
Let r(t) = t**3 + t**2 + t + 3. Let q be r(0). Calculate the remainder when 33 is divided by -6 + q + 1 + 19.
16
What is the remainder when 28 is divided by (2 + 38/(-4))*-2?
13
Suppose -t = 4*j + 4, t + 0*j = j + 16. What is the remainder when 44 is divided by t?
8
Let w(n) = -17*n + 4. Let x be w(-4). Suppose -j = -4*j + x. What is the remainder when j is divided by 9?
6
Let p(n) = -3*n - 2. Let s be p(2). Let m = s - -12. Suppose 3*j - 53 = -5*w, -m*j + 0*w + 78 = 3*w. C